5424300152 + 0?
-15424300152
In base 15, what is -221e57 - -6?
-221e51
In base 16, what is 394ac7b + -5?
394ac76
In base 15, what is 83 + 93a7?
943a
In base 3, what is 1200000 - -20220021?
22120021
In base 11, what is -42122 - -215?
-41a08
In base 5, what is -44414 + 1432122?
1332203
In base 15, what is -4 + -4eb336?
-4eb33a
In base 11, what is -302764 - -372?
-3023a2
In base 6, what is 11001 + -20450331?
-20435330
In base 9, what is -37 - -18370042?
18370004
In base 5, what is -4314241200 - -100?
-4314241100
In base 3, what is -100212020021120221 - 12?
-100212020021121010
In base 14, what is -1 - -3108aad?
3108aac
In base 8, what is 24313316 - 70?
24313226
In base 3, what is 11201101002 + -22?
11201100210
In base 16, what is 5 + 60f92c?
60f931
In base 8, what is 1007106460 + -5?
1007106453
In base 11, what is -562a - 1484?
-7003
In base 11, what is -39737 - 173?
-398aa
In base 13, what is -3 - 1a1526?
-1a1529
In base 9, what is 21365 - 4087?
16267
In base 14, what is 17 + -b312?
-b2d9
In base 16, what is 8766 - -1fa3?
a709
In base 9, what is 1 + -346022?
-346021
In base 16, what is b9dca + -1c?
b9dae
In base 12, what is -481 - 1446?
-1907
In base 2, what is 110100110101111111110 - 111?
110100110101111110111
In base 13, what is -29470c6 + 2?
-29470c4
In base 11, what is -12a91 - 706?
-13697
In base 6, what is -115453421 - -340?
-115453041
In base 13, what is 1289 + -2019?
-a60
In base 13, what is -2749368c - 0?
-2749368c
In base 11, what is -421 - 5227a?
-526a0
In base 9, what is 20 - -38508653?
38508673
In base 4, what is -301 + -113233013?
-113233320
In base 7, what is 62463 - 32?
62431
In base 13, what is 4 - 1a135a?
-1a1356
In base 8, what is -16 + 112045237?
112045221
In base 15, what is 36c - -36ece?
3734b
In base 13, what is 13 - -3187bc?
318802
In base 2, what is -1011000101000001111111111 + 0?
-1011000101000001111111111
In base 4, what is -100010333030 - -3?
-100010333021
In base 4, what is -221112 + 1100201030?
1033313312
In base 5, what is 23021234 + -4133?
23012101
In base 8, what is 135 - -141272?
141427
In base 13, what is 3 - -1867863?
1867866
In base 9, what is 1 - -4631351?
4631352
In base 14, what is -d - 332118?
-332127
In base 13, what is 2c + -20ca7c?
-20ca50
In base 16, what is -14328cf - -1?
-14328ce
In base 4, what is -1 + 32022102223?
32022102222
In base 6, what is -204552 - 241?
-205233
In base 3, what is -21122120 + 102120220?
10221100
In base 14, what is c99d3a - -17?
c99d53
In base 12, what is -163980 - 40?
-163a00
In base 16, what is 3 + e5b855?
e5b858
In base 13, what is b7233c1 + -1?
b7233c0
In base 12, what is -104ba9a56 + 0?
-104ba9a56
In base 5, what is 1220201 + -14444?
1200202
In base 12, what is 1 - -2004a9?
2004aa
In base 3, what is 1 - 122122212000120?
-122122212000112
In base 11, what is 5856 + -30a08?
-26162
In base 11, what is -1121421 - -39?
-1121393
In base 4, what is 13300 + -1000233220?
-1000213320
In base 13, what is 11089b85 - -3?
11089b88
In base 2, what is -11010111101101100000010 + -1?
-11010111101101100000011
In base 16, what is -88ca81 - 0?
-88ca81
In base 7, what is -2625153300 - 1?
-2625153301
In base 16, what is 1 + -54f7b16?
-54f7b15
In base 4, what is -3022 - -3203003011?
3202333323
In base 2, what is -100100 + -1110111001110010000?
-1110111001110110100
In base 8, what is 52665 + 11611?
64476
In base 8, what is -44 - 345413?
-345457
In base 14, what is -46c4 - c23?
-5507
In base 15, what is -6be4 - -32?
-6bb2
In base 11, what is 1 + 12aa130?
12aa131
In base 8, what is -116 - 1235711?
-1236027
In base 10, what is 65423420 - -4?
65423424
In base 8, what is -1142364 + -242?
-1142626
In base 8, what is -3 + 2273315?
2273312
In base 10, what is 4893127 - -21?
4893148
In base 3, what is -202122 - -112100002020?
112022022121
In base 15, what is 4 + -a56d5d3?
-a56d5ce
In base 12, what is -5 + -120386?
-12038b
In base 13, what is 3 + -164220a?
-1642207
In base 14, what is 22a + -32826?
-325da
In base 11, what is 89 + 74453?
74531
In base 3, what is 2011120021010101 - -11?
2011120021010112
In base 10, what is -31439 + -5235?
-36674
In base 9, what is -573054 - 26?
-573081
In base 5, what is -311 + -132312?
-133123
In base 5, what is 0 + -12313420414?
-12313420414
In base 5, what is -21 - -11233004242?
11233004221
In base 11, what is 2a6a16 + 0?
2a6a16
In base 13, what is 136a80 + -4?
136a79
In base 14, what is -1c54 + 14a71?
12c1b
In base 2, what is -101101111001000011100001 + -110?
-101101111001000011100111
In base 3, what is 12 - -12100201222110?
12100201222122
In base 10, what is -7 + 3111708?
3111701
In base 5, what is -430234234 + 312?
-430233422
In base 3, what is -10200010 + 100001012201?
22220112121
In base 3, what is 1101211112110202 + 0?
1101211112110202
In base 7, what is 5 + -335663331?
-335663323
In base 6, what is -5 + 2402255254?
2402255245
In base 11, what is -6182 + -3067?
-9239
In base 13, what is -1 + 15b332?
15b331
In base 15, what is -8aa + -27a?
-b35
In base 9, what is 831213 - 131?
831072
In base 4, what is 1330103230 + 1010?
1330110300
In base 6, what is -341244 - 11302?
-352550
In base 13, what is -9a976b - 14?
-9a9782
In base 11, what is -a + -a164004?
-a164013
In base 5, what is -2413342 + -1132?
-2420024
In base 9, what is -33502214 - -6?
-33502207
In base 4, what is -10001301113 + 2121?
-10001232332
In base 4, what is -31000021 + 13331?
-30320030
In base 3, what is -22 + 21011011001020?
21011011000221
In base 4, what is 103301021 - 1320?
103233101
In base 9, what is -2344173 + -53?
-2344236
In base 3, what is 0 + 21012100001022?
21012100001022
In base 8, what is 3613463357 - -5?
3613463364
In base 10, what is -5 + -316193661?
-316193666
In base 15, what is -1 - -3a923a?
3a9239
In base 14, what is -9 + -129c66?
-129c71
In base 2, what is -1101111110001100 + 100010101?
-1101111001110111
In base 4, what is -110030023123032 - 0?
-110030023123032
In base 9, what is -310 - -233270?
232860
In base 8, what is 2554270327 - -4?
2554270333
In base 9, what is 411503 - -68?
411572
In base 3, what is -212121 + -10212101012?
-10220020210
In base 12, what is -1335b801 + -5?
-1335b806
In base 16, what is -1402b8b - -e?
-1402b7d
In base 8, what is 26012 - -60201?
106213
In base 11, what is -8 - 250416?
-250423
In base 16, what is -2 + 258f0d?
258f0b
In base 9, what is 40018528 + -1?
40018527
In base 14, what is -2ba + -227?
-503
In base 8, what is -5000 - 51346?
-56346
In base 9, what is -6171 - 5800?
-13071
In base 9, what is 15208 + 1405?
16614
In base 14, what is 50919 + 76?
50991
In base 16, what is -5 - 9fa27?
-9fa2c
In base 16, what is -a201c + 33?
-a1fe9
In base 14, what is -8ca24 - -302?
-8c722
In base 13, what is -b - -4419417?
4419409
In base 6, what is 204 - -515514?
520122
In base 15, what is c6ac7 + -b?
c6abb
In base 13, what is -220ca - 26?
-22123
In base 7, what is 11306536 + 11?
11306550
In base 7, what is 10531 - -141415?
152246
In base 8, what is 62457626 - -30?
62457656
In base 14, what is -4 - -d07a7b7?
d07a7b3
In base 4, what is -100130 + 1020002?
313212
In base 12, what is 2aa110 - -58?
2aa168
In base 16, what is c56 + 2274?
2eca
In base 10, what is -136 + -953126?
-953262
In base 9, what is -135 + -743651?
-743786
In base 9, what is 434 + 16384?
16828
In base 11, what is -36699a14 - 1?
-36699a15
In base 9, what is 7 - 4057478?
-4057471
In base 6, what is -15 - 200304335?
-200304354
In base 3, what is 10021000200 - -21122?
10021022022
In base 5, what is -2122104411 - 22?
-2122104433
In base 6, what is -2111 - 3100?
-5211
In base 12, what is -7087 - -109ba?
5933
In base 10, what is -9 - 10033098?
-10033107
In base 15, what is -581 + -1006?
-1587
In base 10, what is -159511 + -13150?
-172661
In base 15, what is -1818 - -a7c?
-c8b
In base 10, what is 20 + 104655?
104675
In base 11, what is -6594438a + 2?
-65944388
In base 6, what is -21431 + 104245?
42414
In base 7, what is 245350 + 36215?
314565
In base 9, what is -25246567 + 5?
-25246562
In base 10, what is 16 - -10624660?
10624676
In base 3, what is 12102010200222 + -2?
12102010200220
In base 15, what is a5a0d8 + 1?
a5a0d9
In base 13, what is b6 + 330a?
33c3
In base 12, what is -2b + 460bb?
46090
In base 3, what is 10 + -10222200002200?
-10222200002120
In base 15, what is 174bccb - -2?
174bccd
In base 9, wha